. Suppose 0 = 5*o - 2*j - 12, -7*o - 1 = -5*o + 5*j. What is p(o)?
48
Suppose 3*z - 4*l + 6*l - 14 = 0, -2*l = 2*z - 8. Suppose 0 = z*b - 19 + 1. Suppose b*k = 2*k. Let u(r) = r**3 + r**2 + r - 11. Give u(k).
-11
Let l = 28555 + -28558. Let x(k) = 2*k - 3*k - 6*k - 3*k**2 - 2 + 2*k. What is x(l)?
-14
Let d(m) = -3*m - 1. Suppose 5*v - 9*v = -8. Suppose v - 8 = 2*q. Let g be (q/5)/((-3)/(-15)). What is d(g)?
8
Let i(v) = v**3 - 13*v**2 + 19*v - 22. Let s be 3682/(-789)*((-32)/7 + 2). Give i(s).
62
Let f(w) = -w**2 - 11*w - 7. Let m(i) = -i**3 + 24*i**2 + 79*i - 1. Let o be m(27). Let u = 50 + o. What is f(u)?
23
Let y(w) be the second derivative of w**5/20 + 17*w**4/24 - w**3/6 - 77*w**2/2 - 40*w. Let q(n) be the first derivative of y(n). Determine q(-6).
5
Let b(x) = -x**3 + 0*x + 0*x**2 - 3*x**2 + 5 + 6*x. Let d(v) = -v + 1. Let c(w) = -5*w + 34. Let k(j) = c(j) - 2*d(j). Let i be k(12). What is b(i)?
-3
Let i(t) = -t**2 - t + 1. Let m(u) be the first derivative of u**4/4 - u**3/3 + 7*u**2/2 - 9*u - 84. Let a(o) = 4*i(o) + m(o). What is a(4)?
-9
Let j(d) = -8*d + 2. Suppose -14*s + 7*s + 196 = 0. Suppose -2*m - 24 = -s. Give j(m).
-14
Let a be (-51 + 49)*(-2 - 0/3). Let m(i) be the second derivative of 1/3*i**a + 12*i + i**2 + 0 - 1/20*i**5 - 5/6*i**3. Calculate m(3).
-4
Suppose 222 = 49*g - 464. Let m(h) = 2*h**2 - 27*h - 5. What is m(g)?
9
Let h(m) = m**2 - 11*m + 11. Suppose 2 = -2*p + 3*c, 12 + 0 = 3*p + 3*c. Suppose -p*d + 2*v + 28 = 0, -d - 6 = -0*d + 4*v. Give h(d).
1
Let z(x) be the first derivative of 13*x**3/3 + 3*x**2 + 6*x - 3990. Determine z(-3).
105
Let k(c) = 2*c**2 - 11*c - 5. Let l = -2825 + 2833. What is k(l)?
35
Let i(g) be the third derivative of g**6/240 + g**5/20 - 19*g**4/3 + 47*g**2 - 2. Let o(n) be the second derivative of i(n). What is o(6)?
24
Let y be -4 + (-270)/(-14) + ((-4)/(-7))/(-2). Let z(x) = x**3 - 16*x**2 + 11*x - 20. Determine z(y).
-80
Suppose 5*h = -15, 3*j - 111*h - 66 = -106*h. Let o(a) = -3*a + 43. Calculate o(j).
-8
Let v = -1562 + 1564. Let l(n) = 3*n**3 - 4*n**2 + 7. Calculate l(v).
15
Let s(d) = -d**2 + 7*d - 20. Let a = -9738 + 9741. What is s(a)?
-8
Let u(l) = -30 - 31*l - 36 - 39 + l**3 + 147 - 30*l**2 - 41. What is u(31)?
1
Let t(x) be the third derivative of -x**5/30 - x**4/12 - 37*x**3/3 - 27*x**2 + 2*x - 1. Determine t(0).
-74
Let c(n) = -n**3 + 9*n**2 - 9*n + 8. Let p = -34 - 1. Let u = p - -43. Suppose -1 = 3*x + 5*g, u*g + 25 = 3*g. Calculate c(x).
0
Let z(l) = 9*l**2 - 3*l + 3. Let m(p) be the first derivative of 2*p**3/3 - 31*p**2/2 - 14*p + 118. Let x be m(16). Determine z(x).
33
Let t(n) = 3*n**2 + 2*n - 12. Let m(g) = -346*g - 1038. Let v be m(-3). What is t(v)?
-12
Let p(n) = -n - 11. Suppose 2*r = r + 17. Suppose 13*c = r*c - 8. Let z be (((-63)/5)/(-7))/(c/(-10)). Give p(z).
-2
Suppose -7*x + 9*x = -7*x + 207. Let l(p) = 2*p**3 - 45*p**2 - 22*p - 21. What is l(x)?
2
Let m be ((-18)/(-4))/(-3)*(-208)/156. Let l(d) = d**2 - 2*d - 6. Let c be l(-2). Let x(t) = -185 + 2*t**m + 6*t + 191 - t**c. What is x(-4)?
-2
Suppose -2*n + w + 1642 = -3*w, 4*n - 3299 = 3*w. Suppose 6*b - 839 = -n. Let v(m) = m**3 - 4*m**2 + 4*m - 2. Calculate v(b).
-2
Let y(p) = 15*p**2 + 4*p + 5. Let o be ((3*(-8)/48)/(-1))/((-3)/12). Give y(o).
57
Suppose 70 - 10 = 9*y - 12. Let o(p) = p**3 - 8*p**2 - p + 22. Give o(y).
14
Let n(c) = -c**2 + 0 + 109761*c - 109750*c - 1. Calculate n(10).
9
Let m = 4276 + -4292. Let t(v) = -2*v**2 - 23*v + 145. What is t(m)?
1
Let r(n) = 2*n - 10. Suppose -2*h + 7*h = -3*o, 0 = -3*o + 2*h + 21. Suppose 0 = o*p, -2*m + 2*p + 9 = -3. Calculate r(m).
2
Let q(u) = -4*u**2 + 6*u + 4 + 11*u**2 - 11*u**2 - 3 - u**3. Let d = 197 - 202. Calculate q(d).
-4
Let b(p) = p**3 + p**2 + p. Let t(m) be the third derivative of -m**6/24 - m**5/5 - 13*m**4/24 - m**3 - 57*m**2 - 2. Let u(k) = 6*b(k) + t(k). Calculate u(7).
-6
Let m(r) = -6*r**2 + 141*r - 6. Let p(f) = -5*f**2 + 120*f - 5. Let g(v) = 6*m(v) - 7*p(v). Suppose -4*h + 28 = 2*t, -2*h = -3*t + 2*h - 8. Determine g(t).
7
Let p(a) be the third derivative of -1/60*a**6 - 1/60*a**5 + 0*a**4 + 77*a**2 + 0*a + 0 - 1/6*a**3. Let u = 4 + -6. Give p(u).
11
Let c(q) = -17*q - 138. Let t be c(-9). Let v(k) = 0*k - 16 + k + t. Give v(9).
8
Let c(d) = -2*d**2 + 7*d. Let g(h) = 11*h + 13*h**2 - h**3 - 4 - 5*h**2 - 9. Let s be g(9). Suppose -4*x + 25 = 2*u + 3*u, -u + s = -2*x. Give c(u).
-15
Let i(x) be the third derivative of -x**4/12 - x**3/3 - 315*x**2. Determine i(-5).
8
Suppose -15 = -l - 3*r, -2*l + 2*r + 12 = -r. Suppose -3*y = 3*b + 3, 17 = -b - 5*y + 4. Let j(f) = -214*f**3 - 10*f + 1 - 8*f**b + 215*f**3 + 0. Give j(l).
-8
Let v be (-3 - 9) + (6 - (-16)/2). Let k(h) = 112*h - 221. Give k(v).
3
Let l(s) = s + 1. Let d be l(2). Suppose 0*y = 4*n + 2*y + 6, -5*n - d*y = 10. Let q(x) = -8 + 12 + 5*x - 2*x - 8*x**2 - 5 - x. Determine q(n).
-7
Let l be 45 - (4 + -19)/(-5). Suppose -135 = 46*d - 49*d. Let n = d - l. Let y(q) = -q + 1. Calculate y(n).
-2
Let o be 0 + -1*3 + (-5 - -6). Let b(w) = -2*w - w**2 + 31156 - 31156 + w. Calculate b(o).
-2
Let k(c) = -c**3 + 6*c**2 + c + 4. Let y be 280/100*(3 + 7)*(-2)/(-8). What is k(y)?
-38
Let w(i) = -i - 1. Let k(h) = -h - 3. Let q(o) = k(o) - 2*w(o). Suppose 55*v - 54*v = -4. Let s be -1*(v - -4)/5. What is q(s)?
-1
Let t(a) be the second derivative of -a**4/12 + 5*a**3/2 + 63*a**2 + 3537*a. Determine t(-6).
0
Let j(y) = -2*y + 46. Let c = -7627 + 7648. What is j(c)?
4
Let s(m) = 65*m + 140. Let l(o) = -22*o - 46. Let t(b) = -8*l(b) - 3*s(b). Determine t(-3).
5
Let q(m) = m**3 + 5*m**2 - 22*m - 47. Let c be q(-6). Suppose 214 + 129 = -c*l. Let a(z) = -z**3 - 6*z**2 - 2*z - 7. Determine a(l).
56
Let p(k) be the third derivative of 3*k**5/10 - 77*k**4/24 + 4*k**3 + 13342*k**2. Determine p(4).
4
Let a(s) = 27*s - 60. Let u(v) = 29*v - 64. Let x(l) = -15*a(l) + 14*u(l). What is x(-2)?
2
Let f(g) = 0*g + 0*g + 6974 - 7329 - 7*g + g. Determine f(-60).
5
Let y(s) = -s**2. Suppose 407 = -z - 2*m, 5*m + 1642 = -4*z + 4*m. Let u = -410 - z. Determine y(u).
-1
Suppose 7*f = -4 + 11. Let u(b) be the third derivative of -19*b**4/24 + b**2 + 21. What is u(f)?
-19
Let f(x) be the first derivative of x**3/3 - 6*x**2 + 7*x - 2712. Calculate f(9).
-20
Let b(p) = -p - 12. Suppose -8*a = -31*a + 13*a - 60. Calculate b(a).
-6
Let n = 51 + -49. Let d(b) = -54*b**2 + 29*b**n - b**3 + 24*b**2. Determine d(-2).
4
Let v be 0/(26/(-247) + (-34)/38). Let m(o) = o**2 - 3*o + 13. Calculate m(v).
13
Let l(z) = -z + 9. Let k be l(5). Let d(y) = -y**2 - y. Let n(f) be the first derivative of f**3 + 4*f**2 + 3*f + 5. Let r(h) = -4*d(h) - n(h). Determine r(k).
-3
Let k(g) = 3*g - 3. Let b be k(3). Suppose 9 = 8*f + f. Let x(q) = q - 2. Let o(d) = 7*d - 17. Let a(j) = f*o(j) - 5*x(j). What is a(b)?
5
Let u(d) = -d**2 - 2*d + 11. Let n = 195 - 643. Let q = -453 - n. Determine u(q).
-4
Let f(m) = m - 37. Suppose -55*i = 1 - 481 + 95. Calculate f(i).
-30
Let i(p) = 5*p + 8. Let z be 7*13/(182/(-12)) - -6. Give i(z).
8
Let a(c) = -2*c - 87. Suppose 22*z - 12*z = -3*z - 611. What is a(z)?
7
Let a be 0 + ((-376)/(-6) - (-1)/3). Let c = -51 + a. Let n(u) = -9 - 7 + 30 - c - 6*u. Give n(2).
-10
Let o(s) = s**2 - 3*s + 7. Suppose -3*q = 9, 4*r - 2*q - 12 = 2. Let x = -33 - -38. Suppose -27 = -x*w - r. Calculate o(w).
17
Suppose -2*m + 5*p + 56 = 762, 0 = -3*m - p - 1093. Let o = m + 373. Let y(z) be the third derivative of z**5/60 - z**4/3 - 5*z**3/3 + 4*z**2. Determine y(o).
10
Let f(r) = 9*r + 62. Let v(l) = -2*l**3 + 17*l**2 + 42*l - 7. Let s be v(-2). What is f(s)?
-1
Let a(s) = 4*s**2 + 24*s + 83. Let c(w) = -2*w**2 - 10*w - 44. Let b(m) = 3*a(m) + 5*c(m). What is b(-8)?
-19
Let q be ((4/(-14))/(9/(-21)))/(1892/(-48246)). Let c(l) = -5*l**2 - 90*l - 76. Determine c(q).
9
Let r(d) = -3*d + 23 - 45 + 21 + 4. Calculate r(-4).
15
Suppose -6 = -2*j, -2*l - 3*j + 29 = -2*j. Let z(d) = 12*d + 1519 + 1528 + 57*d**2 - 4557 + 1520 - 58*d**2. Determine z(l).
-3
Let f be 10/4 + 2/4. Let u(a) = 2*a + 6. Let h(r) = 3*r + 7. Suppose 0 = 13*i - 2125 + 2177. Let m(g) = f*h(g) + i*u(g). What is m(3)?
0
Let u(v) = -15*v - 227. Let o(s) = 14*s + 163. Let f(d) = 4*o(d) + 3*u(d). Calculate f(-6).
-95
Let b be (((-14)/(-4))/(392/112))/((-2)/(-8)). Let a(s) = 3*s